7
Calculate the remainder when 305 is divided by 148.
9
Calculate the remainder when 164 is divided by 78.
8
Calculate the remainder when 70 is divided by 19.
13
Calculate the remainder when 74 is divided by 18.
2
What is the remainder when 112 is divided by 39?
34
What is the remainder when 658 is divided by 126?
28
Calculate the remainder when 219 is divided by 56.
51
Calculate the remainder when 159 is divided by 35.
19
Calculate the remainder when 7550 is divided by 8.
6
Calculate the remainder when 204 is divided by 9.
6
What is the remainder when 391 is divided by 66?
61
Calculate the remainder when 2455 is divided by 15.
10
What is the remainder when 935 is divided by 30?
5
Calculate the remainder when 363 is divided by 123.
117
Calculate the remainder when 305 is divided by 34.
33
Calculate the remainder when 492 is divided by 16.
12
What is the remainder when 19 is divided by 4?
3
What is the remainder when 96 is divided by 26?
18
Calculate the remainder when 72 is divided by 46.
26
What is the remainder when 1814 is divided by 200?
14
Calculate the remainder when 105 is divided by 59.
46
What is the remainder when 1229 is divided by 611?
7
What is the remainder when 1333 is divided by 19?
3
What is the remainder when 20718 is divided by 185?
183
What is the remainder when 2270 is divided by 90?
20
Calculate the remainder when 13542 is divided by 63.
60
What is the remainder when 29715 is divided by 20?
15
Calculate the remainder when 612 is divided by 44.
40
Calculate the remainder when 337 is divided by 325.
12
Calculate the remainder when 294 is divided by 97.
3
What is the remainder when 470 is divided by 48?
38
What is the remainder when 1062 is divided by 173?
24
Calculate the remainder when 166 is divided by 12.
10
Calculate the remainder when 425 is divided by 39.
35
Calculate the remainder when 594 is divided by 180.
54
Calculate the remainder when 57 is divided by 21.
15
Calculate the remainder when 223 is divided by 74.
1
Calculate the remainder when 402 is divided by 81.
78
Calculate the remainder when 113 is divided by 4.
1
What is the remainder when 595 is divided by 40?
35
What is the remainder when 172 is divided by 58?
56
Calculate the remainder when 24 is divided by 7.
3
What is the remainder when 148 is divided by 19?
15
What is the remainder when 157 is divided by 28?
17
What is the remainder when 3829 is divided by 75?
4
What is the remainder when 1483 is divided by 12?
7
Calculate the remainder when 85 is divided by 22.
19
Calculate the remainder when 449 is divided by 212.
25
What is the remainder when 270 is divided by 121?
28
Calculate the remainder when 144 is divided by 43.
15
What is the remainder when 41595 is divided by 9?
6
Calculate the remainder when 1042 is divided by 110.
52
Calculate the remainder when 39 is divided by 13.
0
Calculate the remainder when 3065 is divided by 192.
185
Calculate the remainder when 393 is divided by 58.
45
What is the remainder when 365 is divided by 6?
5
Calculate the remainder when 173 is divided by 11.
8
What is the remainder when 96 is divided by 11?
8
What is the remainder when 643 is divided by 26?
19
What is the remainder when 1204 is divided by 112?
84
What is the remainder when 2307 is divided by 34?
29
Calculate the remainder when 916 is divided by 915.
1
Calculate the remainder when 576 is divided by 8.
0
Calculate the remainder when 1099 is divided by 44.
43
Calculate the remainder when 467 is divided by 74.
23
Calculate the remainder when 441 is divided by 144.
9
Calculate the remainder when 136 is divided by 97.
39
What is the remainder when 105 is divided by 32?
9
What is the remainder when 113 is divided by 35?
8
Calculate the remainder when 162 is divided by 58.
46
What is the remainder when 196 is divided by 187?
9
What is the remainder when 2480 is divided by 205?
20
Calculate the remainder when 173 is divided by 8.
5
Calculate the remainder when 422 is divided by 3.
2
Calculate the remainder when 147 is divided by 63.
21
What is the remainder when 276 is divided by 10?
6
What is the remainder when 479 is divided by 408?
71
Calculate the remainder when 608 is divided by 147.
20
What is the remainder when 83 is divided by 17?
15
What is the remainder when 988 is divided by 23?
22
Calculate the remainder when 258 is divided by 44.
38
Calculate the remainder when 16386 is divided by 8.
2
What is the remainder when 214 is divided by 18?
16
Calculate the remainder when 51 is divided by 29.
22
What is the remainder when 66 is divided by 13?
1
Calculate the remainder when 924 is divided by 19.
12
What is the remainder when 10 is divided by 5?
0
What is the remainder when 6676 is divided by 319?
296
Calculate the remainder when 452 is divided by 44.
12
What is the remainder when 77 is divided by 22?
11
Calculate the remainder when 1162 is divided by 111.
52
What is the remainder when 3773 is divided by 16?
13
Calculate the remainder when 174 is divided by 35.
34
Calculate the remainder when 165 is divided by 19.
13
Calculate the remainder when 109 is divided by 66.
43
What is the remainder when 401 is divided by 101?
98
What is the remainder when 851 is divided by 42?
11
What is the remainder when 1523 is divided by 95?
3
Calculate the remainder when 77 is divided by 72.
5
What is the remainder when 1032 is divided by 392?
248
What is the remainder when 904 is divided by 439?
26
What is the remainder when 122 is divided by 82?
40
Calculate the remainder when 142 is divided by 100.
42
Calculate the remainder when 540 is divided by 39.
33
What is the remainder when 1234 is divided by 21?
16
What is the remainder when 983 is divided by 8?
7
Calculate the remainder when 269 is divided by 261.
8
Calculate the remainder when 45 is divided by 12.
9
What is the remainder when 41 is divided by 27?
14
What is the remainder when 600 is divided by 43?
41
What is the remainder when 512 is divided by 27?
26
What is the remainder when 76 is divided by 18?
4
Calculate the remainder when 291 is divided by 3.
0
What is the remainder when 496 is divided by 71?
70
What is the remainder when 166 is divided by 157?
9
What is the remainder when 623 is divided by 125?
123
Calculate the remainder when 9717 is divided by 8.
5
What is the remainder when 153 is divided by 26?
23
Calculate the remainder when 41 is divided by 28.
13
What is the remainder when 1386 is divided by 688?
10
What is the remainder when 108 is divided by 31?
15
Calculate the remainder when 4122 is divided by 25.
22
What is the remainder when 196 is divided by 9?
7
Calculate the remainder when 1661 is divided by 32.
29
Calculate the remainder when 304 is divided by 34.
32
What is the remainder when 6309 is divided by 29?
16
What is the remainder when 66 is divided by 15?
6
Calculate the remainder when 1294 is divided by 81.
79
Calculate the remainder when 6026 is divided by 137.
135
What is the remainder when 252 is divided by 33?
21
What is the remainder when 111 is divided by 32?
15
Calculate the remainder when 180 is divided by 24.
12
What is the remainder when 128 is divided by 46?
36
What is the remainder when 155 is divided by 54?
47
What is the remainder when 158 is divided by 117?
41
Calculate the remainder when 127 is divided by 89.
38
What is the remainder when 996 is divided by 191?
41
Calculate the remainder when 941 is divided by 69.
44
Calculate the remainder when 1570 is divided by 1554.
16
What is the remainder when 329 is divided by 108?
5
Calculate the remainder when 2039 is divided by 85.
84
Calculate the remainder when 308 is divided by 24.
20
What is the remainder when 4206 is divided by 4201?
5
What is the remainder when 336 is divided by 27?
12
What is the remainder when 193 is divided by 39?
37
Calculate the remainder when 15198 is divided by 5062.
12
Calculate the remainder when 121 is divided by 21.
16
What is the remainder when 120 is divided by 28?
8
What is the remainder when 812 is divided by 16?
12
What is the remainder when 1078 is divided by 358?
4
Calculate the remainder when 251 is divided by 36.
35
What is the remainder when 2695 is divided by 31?
29
What is the remainder when 727 is divided by 26?
25
What is the remainder when 158 is divided by 20?
18
Calculate the remainder